{"id":10,"date":"2010-09-29T19:17:51","date_gmt":"2010-09-29T17:17:51","guid":{"rendered":"http:\/\/www.185przedszkole.pl\/?page_id=10"},"modified":"2024-02-09T16:37:56","modified_gmt":"2024-02-09T14:37:56","slug":"zajecia-dodatkowe","status":"publish","type":"page","link":"https:\/\/185przedszkole.pl\/?page_id=10","title":{"rendered":"Zaj\u0119cia dodatkowe"},"content":{"rendered":"<p style=\"text-align: center;\"><span style=\"font-size: 16px;\"><em>Rytmika<\/em> \u2013 zaj\u0119cia odbywaj\u0105 si\u0119 we wtorki i czwartki<br \/>\n<\/span><\/p>\n<p style=\"text-align: center;\"><span style=\"font-size: 16px;\">\u00a0<\/span><\/p>\n<p style=\"margin-left: 18.0pt;\">\n","protected":false},"excerpt":{"rendered":"<p>Rytmika \u2013 zaj\u0119cia odbywaj\u0105 si\u0119 we wtorki i czwartki \u00a0<\/p>\n","protected":false},"author":1,"featured_media":0,"parent":0,"menu_order":0,"comment_status":"closed","ping_status":"closed","template":"","meta":{"footnotes":""},"_links":{"self":[{"href":"https:\/\/185przedszkole.pl\/index.php?rest_route=\/wp\/v2\/pages\/10"}],"collection":[{"href":"https:\/\/185przedszkole.pl\/index.php?rest_route=\/wp\/v2\/pages"}],"about":[{"href":"https:\/\/185przedszkole.pl\/index.php?rest_route=\/wp\/v2\/types\/page"}],"author":[{"embeddable":true,"href":"https:\/\/185przedszkole.pl\/index.php?rest_route=\/wp\/v2\/users\/1"}],"replies":[{"embeddable":true,"href":"https:\/\/185przedszkole.pl\/index.php?rest_route=%2Fwp%2Fv2%2Fcomments&post=10"}],"version-history":[{"count":42,"href":"https:\/\/185przedszkole.pl\/index.php?rest_route=\/wp\/v2\/pages\/10\/revisions"}],"predecessor-version":[{"id":7277,"href":"https:\/\/185przedszkole.pl\/index.php?rest_route=\/wp\/v2\/pages\/10\/revisions\/7277"}],"wp:attachment":[{"href":"https:\/\/185przedszkole.pl\/index.php?rest_route=%2Fwp%2Fv2%2Fmedia&parent=10"}],"curies":[{"name":"wp","href":"https:\/\/api.w.org\/{rel}","templated":true}]}}