{"id":12,"date":"2010-09-29T19:18:07","date_gmt":"2010-09-29T17:18:07","guid":{"rendered":"http:\/\/www.185przedszkole.pl\/?page_id=12"},"modified":"2017-11-08T21:32:45","modified_gmt":"2017-11-08T19:32:45","slug":"rozklad-dnia","status":"publish","type":"page","link":"https:\/\/185przedszkole.pl\/?page_id=12","title":{"rendered":"Ramowy rozk\u0142ad dnia"},"content":{"rendered":"<p><em><span style=\"font-size: 16px;\">Dzieci m\u0142odsze:<\/span><\/em><\/p>\n<p><strong>7.00 &#8211; 8.30<\/strong> &#8211; Spotkanie dzieci w przedszkolu, pomoc w przygotowaniu pomocy do zaj\u0119\u0107 i zabaw. Uczestniczenie w zaj\u0119ciach kierowanych i niekierowanych wspomagaj\u0105cych rozw&oacute;j dzieci. Podejmowanie indywidualnych i grupowych zabaw swobodnych. Gimnastyka, rozwijanie sprawno\u015bci ruchowej. Przygotowanie do \u015bniadania.<br \/>\n\t<strong>8.30 &#8211; 9.00<\/strong> &#8211; \u015aniadanie. Mycie z\u0119b&oacute;w.<br \/>\n\t<strong>9.00 &#8211; 10.00<\/strong> &#8211; Edukacja w sali lub ogrodzie- rozwijanie umiej\u0119tno\u015bci intelektualnych, dzia\u0142ania plastyczne, muzyczne i artystyczne. Zabawy ruchowe.<br \/>\n\t<strong>10.00 &#8211; 11.00<\/strong> &#8211; Indywidualne i grupowe zabawy dowolne. Zaj\u0119cia edukacyjno- terapeutyczne dla dzieci z orzeczeniem o potrzebie kszta\u0142cenia specjalnego.<br \/>\n\t<strong>11.00 &#8211; 12.00<\/strong>&nbsp; &#8211; Nabywanie sprawno\u015bci samoobs\u0142ugowych. Wszechstronny rozw&oacute;j poprzez gry i zabawy sportowe, terenowe w ogrodzie, dokonywanie obserwacji i bada\u0144 przyrodniczych, wyj\u015bcia na spacery, wycieczki rekreacyjne i edukacyjne. Przygotowanie do obiadu, mycie r\u0105k.<br \/>\n\t<strong>12.00 &#8211; 12.30<\/strong> &#8211; Obiad. Doskonalenie umiej\u0119tno\u015bci pos\u0142ugiwania si\u0119 \u0142y\u017ck\u0105, widelcem i no\u017cem.<br \/>\n\t<strong>12.30 &#8211; 14.00<\/strong> &#8211; S\u0142uchanie ksi\u0105\u017cek czytanych przez nauczyciela. Relaks, odpoczynek. Przygotowania do podwieczorku.<br \/>\n\t<strong>14.30 &#8211; 15.00 <\/strong>&#8211;&nbsp; Podwieczorek.<br \/>\n\t<strong>15.00 &#8211; 17.00<\/strong> &#8211; Zabawy swobodne w sali lub ogrodzie, uczestnictwo w zaj\u0119ciach kierowanych i niekierowanych wspomagaj\u0105cych rozw&oacute;j dzieci, rozchodzenie dzieci.<\/p>\n<p><em><span style=\"font-size: 16px;\">Dzieci starsze:<\/span><\/em><\/p>\n<p><strong>7.00 &#8211; 8.30<\/strong> &#8211; Spotkanie dzieci w przedszkolu, pomoc w przygotowaniu pomocy do zaj\u0119\u0107 i zabaw. Uczestniczenie w zaj\u0119ciach kierowanych i niekierowanych wspomagaj\u0105cych rozw&oacute;j dzieci. Podejmowanie indywidualnych i grupowych zabaw swobodnych. Gimnastyka, rozwijanie sprawno\u015bci ruchowej. Przygotowanie do \u015bniadania.<br \/>\n\t<strong>8.30 &#8211; 9.00<\/strong> &#8211; \u015aniadanie. Mycie z\u0119b&oacute;w.<br \/>\n\t<strong>9.00 &#8211; 10.30<\/strong> &#8211; Zaj\u0119cia edukacyjne w sali lub ogrodzie- rozwijanie umiej\u0119tno\u015bci intelektualnych, dzia\u0142ania plastyczne, muzyczne i artystyczne. Indywidualne i grupowe zabawy ruchowe. Zaj\u0119cia edukacyjno- terapeutyczne dla dzieci z orzeczeniem o potrzebie kszta\u0142cenia specjalnego.<br \/>\n\t<strong>10.30 &#8211; 11.00<\/strong> &#8211; Zaj\u0119cia edukacyjno- terapeutyczne dla dzieci z orzeczeniem o potrzebie kszta\u0142cenia specjalnego. Gry i zabawy swobodne.<br \/>\n\t<strong>11.00 &#8211; 12.00<\/strong>&nbsp; &#8211; Nabywanie sprawno\u015bci samoobs\u0142ugowych. Wszechstronny rozw&oacute;j poprzez gry i zabawy sportowe, terenowe w ogrodzie, dokonywanie obserwacji i bada\u0144 przyrodniczych, wyj\u015bcia na spacery, wycieczki rekreacyjne i edukacyjne. Przygotowanie do obiadu, mycie r\u0105k.<br \/>\n\t<strong>12.00 &#8211; 12.30<\/strong> &#8211; Obiad. Doskonalenie umiej\u0119tno\u015bci pos\u0142ugiwania si\u0119 \u0142y\u017ck\u0105, widelcem i no\u017cem, czynno\u015bci samoobs\u0142ugowe i higieniczne.<br \/>\n\t<strong>12.30 &#8211; 13.00<\/strong> &#8211; Relaks, odpoczynek. S\u0142uchanie ksi\u0105\u017cek czytanych przez nauczyciela.<br \/>\n\t<strong>13.00 &#8211; 14.30<\/strong> &#8211; Uczestnictwo w zabawach w k\u0105cikach tematycznych, rozwijanie w\u0142asnych pasji, uzdolnie\u0144, zainteresowa\u0144, utrwalanie zdobytych wiadomo\u015bci i umiej\u0119tno\u015bci. Zabawy edukacyjne. Uczestnictwo w zabawach ruchowych, przygotowanie do podwieczorku.<br \/>\n\t<strong>14.30 &#8211; 15.00 <\/strong>&#8211;&nbsp; Podwieczorek.<br \/>\n\t<strong>15.00 &#8211; 17.00<\/strong> &#8211; Zabawy swobodne w sali lub ogrodzie, uczestnictwo w zaj\u0119ciach kierowanych i niekierowanych wspomagaj\u0105cych rozw&oacute;j dzieci, rozchodzenie dzieci.<\/p>\n","protected":false},"excerpt":{"rendered":"<p>Dzieci m\u0142odsze: 7.00 &#8211; 8.30 &#8211; Spotkanie dzieci w przedszkolu, pomoc w przygotowaniu pomocy do zaj\u0119\u0107 i zabaw. Uczestniczenie w zaj\u0119ciach kierowanych i niekierowanych wspomagaj\u0105cych rozw&oacute;j dzieci. Podejmowanie indywidualnych i grupowych zabaw swobodnych. Gimnastyka, rozwijanie sprawno\u015bci ruchowej. Przygotowanie do \u015bniadania. 8.30 &#8211; 9.00 &#8211; \u015aniadanie. Mycie z\u0119b&oacute;w. 9.00 &#8211; 10.00 &#8211; Edukacja w sali lub [&hellip;]<\/p>\n","protected":false},"author":2738,"featured_media":0,"parent":0,"menu_order":0,"comment_status":"closed","ping_status":"closed","template":"","meta":{"footnotes":""},"_links":{"self":[{"href":"https:\/\/185przedszkole.pl\/index.php?rest_route=\/wp\/v2\/pages\/12"}],"collection":[{"href":"https:\/\/185przedszkole.pl\/index.php?rest_route=\/wp\/v2\/pages"}],"about":[{"href":"https:\/\/185przedszkole.pl\/index.php?rest_route=\/wp\/v2\/types\/page"}],"author":[{"embeddable":true,"href":"https:\/\/185przedszkole.pl\/index.php?rest_route=\/wp\/v2\/users\/2738"}],"replies":[{"embeddable":true,"href":"https:\/\/185przedszkole.pl\/index.php?rest_route=%2Fwp%2Fv2%2Fcomments&post=12"}],"version-history":[{"count":19,"href":"https:\/\/185przedszkole.pl\/index.php?rest_route=\/wp\/v2\/pages\/12\/revisions"}],"predecessor-version":[{"id":1982,"href":"https:\/\/185przedszkole.pl\/index.php?rest_route=\/wp\/v2\/pages\/12\/revisions\/1982"}],"wp:attachment":[{"href":"https:\/\/185przedszkole.pl\/index.php?rest_route=%2Fwp%2Fv2%2Fmedia&parent=12"}],"curies":[{"name":"wp","href":"https:\/\/api.w.org\/{rel}","templated":true}]}}