{"id":2898,"date":"2018-11-14T20:25:25","date_gmt":"2018-11-14T18:25:25","guid":{"rendered":"http:\/\/www.185przedszkole.pl\/?page_id=2898"},"modified":"2024-05-29T12:59:53","modified_gmt":"2024-05-29T10:59:53","slug":"rodo","status":"publish","type":"page","link":"https:\/\/185przedszkole.pl\/?page_id=2898","title":{"rendered":"RODO"},"content":{"rendered":"\r\n<div class=\"wp-block-file aligncenter\"><a href=\"http:\/\/185przedszkole.pl\/wp-content\/uploads\/2021\/01\/Infomracja-o-wyznaczeniu-inspektora-ochrony-danych-osobowych.pdf\">INFORMACJA O WYZNACZENIU INSPEKTORA OCHRONY DANYCH OSOBOWYCH<\/a><a class=\"wp-block-file__button\" href=\"http:\/\/185przedszkole.pl\/wp-content\/uploads\/2021\/01\/Infomracja-o-wyznaczeniu-inspektora-ochrony-danych-osobowych.pdf\" download=\"\">Pobierz<br \/><\/a><\/div>\r\n\r\n\r\n\r\n<div class=\"wp-block-file aligncenter\"><a href=\"http:\/\/185przedszkole.pl\/wp-content\/uploads\/2021\/01\/Klauzula-obowi\u0105zku-informacyjnego-na-stanowisko-nauczyciela.pdf\">KLAUZULA OBOWI\u0104ZKU INFORMACYJNEGO NA STANOWISKO NAUCZYCIELA<\/a><a class=\"wp-block-file__button\" href=\"http:\/\/185przedszkole.pl\/wp-content\/uploads\/2021\/01\/Klauzula-obowi\u0105zku-informacyjnego-na-stanowisko-nauczyciela.pdf\" download=\"\">Pobierz<\/a><\/div>\r\n\r\n\r\n\r\n<div class=\"wp-block-file aligncenter\"><a href=\"http:\/\/185przedszkole.pl\/wp-content\/uploads\/2021\/01\/Klauzula-obowi\u0105zku-informacyjnego-na-stanowisko-pracy-inne-ni\u017c-nauczyciel..pdf\">KLAUZULA OBOWI\u0104ZKU INFORMACYJNEGO NA STANOWISKO PRACY INNE NI\u017b NAUCZYCIEL<\/a><a class=\"wp-block-file__button\" href=\"http:\/\/185przedszkole.pl\/wp-content\/uploads\/2021\/01\/Klauzula-obowi\u0105zku-informacyjnego-na-stanowisko-pracy-inne-ni\u017c-nauczyciel..pdf\" download=\"\">Pobierz<\/a><\/div>\r\n\r\n\r\n\r\n<div class=\"wp-block-file aligncenter\"><a href=\"http:\/\/185przedszkole.pl\/wp-content\/uploads\/2021\/01\/Obowi\u0105zek-informacyjny-wobec-pracownik\u00f3w-podmiot\u00f3w-zewn\u0119trznych-wsp\u00f3\u0142pracuj\u0105cych.pdf\">OBOWI\u0104ZEK INFORMACYJNY WOBEC PRACOWNIK\u00d3W PODMIOT\u00d3W ZEWN\u0118TRZNYCH WSP\u00d3\u0141PRACUJ\u0104CYCH <\/a><a class=\"wp-block-file__button\" href=\"http:\/\/185przedszkole.pl\/wp-content\/uploads\/2021\/01\/Obowi\u0105zek-informacyjny-wobec-pracownik\u00f3w-podmiot\u00f3w-zewn\u0119trznych-wsp\u00f3\u0142pracuj\u0105cych.pdf\" download=\"\">Pobierz<\/a><\/div>\r\n\r\n\r\n\r\n<div class=\"wp-block-file aligncenter\"><a href=\"http:\/\/185przedszkole.pl\/wp-content\/uploads\/2021\/01\/Pe\u0142ny-obowi\u0105zek-informacyjny-monitoring-wizyjny.pdf\">PE\u0141NY OBOWI\u0104ZEK INFORMACYJNY- MONITORING WIZYJNY<\/a><a class=\"wp-block-file__button\" href=\"http:\/\/185przedszkole.pl\/wp-content\/uploads\/2021\/01\/Pe\u0142ny-obowi\u0105zek-informacyjny-monitoring-wizyjny.pdf\" download=\"\">Pobierz<\/a><\/div>\r\n\r\n\r\n\r\n<div class=\"wp-block-file\"><a href=\"http:\/\/185przedszkole.pl\/wp-content\/uploads\/2022\/08\/Oswiadczenie-o-odbiorze-dziecka-osoba-dorosla-01.09.2022.pdf\">\u00a0O\u015aWIADCZENIE DOTYCZ\u0104CE ODBIORU DZIECKA Z PRZEDSZKOLA WRAZ Z KLAUZUL\u0104 OBOWI\u0104ZKU INFORMACYJNEGO <\/a><a class=\"wp-block-file__button\" href=\"http:\/\/185przedszkole.pl\/wp-content\/uploads\/2022\/08\/Oswiadczenie-o-odbiorze-dziecka-osoba-dorosla-01.09.2022.pdf\" download=\"\">Pobierz<\/a><\/div>\r\n\r\n\r\n\r\n<p><a href=\"http:\/\/185przedszkole.pl\/wp-content\/uploads\/2024\/05\/RODO-AKTUALIZACJA-29.05.2024.pdf\" target=\"_blank\" rel=\"noopener\">INFORMACJA DOTYCZ\u0104CA PRZETWARZANIA DANYCH OSOBOWYCH<\/a><br \/><br \/><a href=\"http:\/\/185przedszkole.pl\/wp-content\/uploads\/2024\/05\/RODO-AKTUALIZACJA-29.05.2024.pdf\">przez Przedszkole Nr 185 z Oddzia\u0142ami Integracyjnymi w Warszawie <\/a><a class=\"wp-block-file__button\" href=\"http:\/\/185przedszkole.pl\/wp-content\/uploads\/2024\/05\/RODO-AKTUALIZACJA-29.05.2024.pdf\">Pobierz<\/a><\/p>\r\n","protected":false},"excerpt":{"rendered":"<p>INFORMACJA DOTYCZ\u0104CA PRZETWARZANIA DANYCH OSOBOWYCH przez Przedszkole Nr 185 z Oddzia\u0142ami Integracyjnymi w Warszawie Pobierz<\/p>\n","protected":false},"author":2,"featured_media":0,"parent":0,"menu_order":0,"comment_status":"closed","ping_status":"closed","template":"","meta":{"footnotes":""},"_links":{"self":[{"href":"https:\/\/185przedszkole.pl\/index.php?rest_route=\/wp\/v2\/pages\/2898"}],"collection":[{"href":"https:\/\/185przedszkole.pl\/index.php?rest_route=\/wp\/v2\/pages"}],"about":[{"href":"https:\/\/185przedszkole.pl\/index.php?rest_route=\/wp\/v2\/types\/page"}],"author":[{"embeddable":true,"href":"https:\/\/185przedszkole.pl\/index.php?rest_route=\/wp\/v2\/users\/2"}],"replies":[{"embeddable":true,"href":"https:\/\/185przedszkole.pl\/index.php?rest_route=%2Fwp%2Fv2%2Fcomments&post=2898"}],"version-history":[{"count":24,"href":"https:\/\/185przedszkole.pl\/index.php?rest_route=\/wp\/v2\/pages\/2898\/revisions"}],"predecessor-version":[{"id":7123,"href":"https:\/\/185przedszkole.pl\/index.php?rest_route=\/wp\/v2\/pages\/2898\/revisions\/7123"}],"wp:attachment":[{"href":"https:\/\/185przedszkole.pl\/index.php?rest_route=%2Fwp%2Fv2%2Fmedia&parent=2898"}],"curies":[{"name":"wp","href":"https:\/\/api.w.org\/{rel}","templated":true}]}}

<div class="wp-block-file aligncenter"><a href="http://185przedszkole.pl/wp-content/uploads/2021/01/Infomracja-o-wyznaczeniu-inspektora-ochrony-danych-osobowych.pdf">INFORMACJA O WYZNACZENIU INSPEKTORA OCHRONY DANYCH OSOBOWYCH</a><a class="wp-block-file__button" href="http://185przedszkole.pl/wp-content/uploads/2021/01/Infomracja-o-wyznaczeniu-inspektora-ochrony-danych-osobowych.pdf" download="">Pobierz<br /></a></div>



<div class="wp-block-file aligncenter"><a href="http://185przedszkole.pl/wp-content/uploads/2021/01/Klauzula-obowiązku-informacyjnego-na-stanowisko-nauczyciela.pdf">KLAUZULA OBOWIĄZKU INFORMACYJNEGO NA STANOWISKO NAUCZYCIELA</a><a class="wp-block-file__button" href="http://185przedszkole.pl/wp-content/uploads/2021/01/Klauzula-obowiązku-informacyjnego-na-stanowisko-nauczyciela.pdf" download="">Pobierz</a></div>



<div class="wp-block-file aligncenter"><a href="http://185przedszkole.pl/wp-content/uploads/2021/01/Klauzula-obowiązku-informacyjnego-na-stanowisko-pracy-inne-niż-nauczyciel..pdf">KLAUZULA OBOWIĄZKU INFORMACYJNEGO NA STANOWISKO PRACY INNE NIŻ NAUCZYCIEL</a><a class="wp-block-file__button" href="http://185przedszkole.pl/wp-content/uploads/2021/01/Klauzula-obowiązku-informacyjnego-na-stanowisko-pracy-inne-niż-nauczyciel..pdf" download="">Pobierz</a></div>



<div class="wp-block-file aligncenter"><a href="http://185przedszkole.pl/wp-content/uploads/2021/01/Obowiązek-informacyjny-wobec-pracowników-podmiotów-zewnętrznych-współpracujących.pdf">OBOWIĄZEK INFORMACYJNY WOBEC PRACOWNIKÓW PODMIOTÓW ZEWNĘTRZNYCH WSPÓŁPRACUJĄCYCH </a><a class="wp-block-file__button" href="http://185przedszkole.pl/wp-content/uploads/2021/01/Obowiązek-informacyjny-wobec-pracowników-podmiotów-zewnętrznych-współpracujących.pdf" download="">Pobierz</a></div>



<div class="wp-block-file aligncenter"><a href="http://185przedszkole.pl/wp-content/uploads/2021/01/Pełny-obowiązek-informacyjny-monitoring-wizyjny.pdf">PEŁNY OBOWIĄZEK INFORMACYJNY- MONITORING WIZYJNY</a><a class="wp-block-file__button" href="http://185przedszkole.pl/wp-content/uploads/2021/01/Pełny-obowiązek-informacyjny-monitoring-wizyjny.pdf" download="">Pobierz</a></div>



<div class="wp-block-file"><a href="http://185przedszkole.pl/wp-content/uploads/2022/08/Oswiadczenie-o-odbiorze-dziecka-osoba-dorosla-01.09.2022.pdf"> OŚWIADCZENIE DOTYCZĄCE ODBIORU DZIECKA Z PRZEDSZKOLA WRAZ Z KLAUZULĄ OBOWIĄZKU INFORMACYJNEGO </a><a class="wp-block-file__button" href="http://185przedszkole.pl/wp-content/uploads/2022/08/Oswiadczenie-o-odbiorze-dziecka-osoba-dorosla-01.09.2022.pdf" download="">Pobierz</a></div>



<p><a href="http://185przedszkole.pl/wp-content/uploads/2024/05/RODO-AKTUALIZACJA-29.05.2024.pdf" target="_blank" rel="noopener">INFORMACJA DOTYCZĄCA PRZETWARZANIA DANYCH OSOBOWYCH</a><br /><br /><a href="http://185przedszkole.pl/wp-content/uploads/2024/05/RODO-AKTUALIZACJA-29.05.2024.pdf">przez Przedszkole Nr 185 z Oddziałami Integracyjnymi w Warszawie </a><a class="wp-block-file__button" href="http://185przedszkole.pl/wp-content/uploads/2024/05/RODO-AKTUALIZACJA-29.05.2024.pdf">Pobierz</a></p>

<p>INFORMACJA DOTYCZĄCA PRZETWARZANIA DANYCH OSOBOWYCH przez Przedszkole Nr 185 z Oddziałami Integracyjnymi w Warszawie Pobierz</p>
